{"id":335,"date":"2018-06-03T14:28:18","date_gmt":"2018-06-03T12:28:18","guid":{"rendered":"http:\/\/sophiestalport.com\/?page_id=335"},"modified":"2018-06-19T15:47:06","modified_gmt":"2018-06-19T13:47:06","slug":"matisse_ou_la_dans_du_lion_spectacle_art_enfants","status":"publish","type":"page","link":"https:\/\/sophiestalport.com\/index.php\/matisse_ou_la_dans_du_lion_spectacle_art_enfants\/","title":{"rendered":"Matisse ou la danse du lion"},"content":{"rendered":"<div id=\"cs-content\" class=\"cs-content\"><\/div>\n","protected":false},"excerpt":{"rendered":"<p>JEUNE PUBLIC &#8211; PETITE ENFANCE \/ Cr\u00e9ation 2016 Spectacle actuellement en tourn\u00e9e Matisse ou la danse du lion d\u2019Emmanuelle Marquis Mise en sc\u00e8ne collective Cr\u00e9dit photo Didier Beslon MATISSE OU LA DANSE DU LION est une petite forme th\u00e9\u00e2trale qui emm\u00e8ne les enfants \u00e0 partir de 18 mois dans l\u2019univers du peintre Henri Matisse \u00e0 travers le voyage sensoriel d\u2019un petit gar\u00e7on. Des secousses de la naissance aux grands apprentissages et d\u00e9couvertes de la petite enfance, on assiste en r\u00eave, &#8230;<\/p>\n","protected":false},"author":1,"featured_media":0,"parent":0,"menu_order":0,"comment_status":"closed","ping_status":"closed","template":"","meta":[],"yoast_head":"<!-- This site is optimized with the Yoast SEO plugin v20.11 - https:\/\/yoast.com\/wordpress\/plugins\/seo\/ -->\n<title>Matisse ou la danse du lion - Sophie Stalport<\/title>\n<meta name=\"robots\" content=\"index, follow, max-snippet:-1, max-image-preview:large, max-video-preview:-1\" \/>\n<link rel=\"canonical\" href=\"https:\/\/sophiestalport.com\/index.php\/matisse_ou_la_dans_du_lion_spectacle_art_enfants\/\" \/>\n<meta property=\"og:locale\" content=\"fr_FR\" \/>\n<meta property=\"og:type\" content=\"article\" \/>\n<meta property=\"og:title\" content=\"Matisse ou la danse du lion - Sophie Stalport\" \/>\n<meta property=\"og:description\" content=\"JEUNE PUBLIC - PETITE ENFANCE \/ Cr\u00e9ation 2016 Spectacle actuellement en tourn\u00e9e Matisse ou la danse du lion d\u2019Emmanuelle Marquis Mise en sc\u00e8ne collective Cr\u00e9dit photo Didier Beslon MATISSE OU LA DANSE DU LION est une petite forme th\u00e9\u00e2trale qui emm\u00e8ne les enfants \u00e0 partir de 18 mois dans l\u2019univers du peintre Henri Matisse \u00e0 travers le voyage sensoriel d\u2019un petit gar\u00e7on. Des secousses de la naissance aux grands apprentissages et d\u00e9couvertes de la petite enfance, on assiste en r\u00eave, ...\" \/>\n<meta property=\"og:url\" content=\"https:\/\/sophiestalport.com\/index.php\/matisse_ou_la_dans_du_lion_spectacle_art_enfants\/\" \/>\n<meta property=\"og:site_name\" content=\"Sophie Stalport\" \/>\n<meta property=\"article:modified_time\" content=\"2018-06-19T13:47:06+00:00\" \/>\n<meta name=\"twitter:card\" content=\"summary_large_image\" \/>\n<meta name=\"twitter:label1\" content=\"Dur\u00e9e de lecture estim\u00e9e\" \/>\n\t<meta name=\"twitter:data1\" content=\"3 minutes\" \/>\n<script type=\"application\/ld+json\" class=\"yoast-schema-graph\">{\"@context\":\"https:\/\/schema.org\",\"@graph\":[{\"@type\":\"WebPage\",\"@id\":\"https:\/\/sophiestalport.com\/index.php\/matisse_ou_la_dans_du_lion_spectacle_art_enfants\/\",\"url\":\"https:\/\/sophiestalport.com\/index.php\/matisse_ou_la_dans_du_lion_spectacle_art_enfants\/\",\"name\":\"Matisse ou la danse du lion - Sophie Stalport\",\"isPartOf\":{\"@id\":\"https:\/\/sophiestalport.com\/#website\"},\"datePublished\":\"2018-06-03T12:28:18+00:00\",\"dateModified\":\"2018-06-19T13:47:06+00:00\",\"breadcrumb\":{\"@id\":\"https:\/\/sophiestalport.com\/index.php\/matisse_ou_la_dans_du_lion_spectacle_art_enfants\/#breadcrumb\"},\"inLanguage\":\"fr-FR\",\"potentialAction\":[{\"@type\":\"ReadAction\",\"target\":[\"https:\/\/sophiestalport.com\/index.php\/matisse_ou_la_dans_du_lion_spectacle_art_enfants\/\"]}]},{\"@type\":\"BreadcrumbList\",\"@id\":\"https:\/\/sophiestalport.com\/index.php\/matisse_ou_la_dans_du_lion_spectacle_art_enfants\/#breadcrumb\",\"itemListElement\":[{\"@type\":\"ListItem\",\"position\":1,\"name\":\"Home\",\"item\":\"https:\/\/sophiestalport.com\/\"},{\"@type\":\"ListItem\",\"position\":2,\"name\":\"Matisse ou la danse du lion\"}]},{\"@type\":\"WebSite\",\"@id\":\"https:\/\/sophiestalport.com\/#website\",\"url\":\"https:\/\/sophiestalport.com\/\",\"name\":\"Sophie Stalport\",\"description\":\"Com\u00e9dienne\",\"potentialAction\":[{\"@type\":\"SearchAction\",\"target\":{\"@type\":\"EntryPoint\",\"urlTemplate\":\"https:\/\/sophiestalport.com\/?s={search_term_string}\"},\"query-input\":\"required name=search_term_string\"}],\"inLanguage\":\"fr-FR\"}]}<\/script>\n<!-- \/ Yoast SEO plugin. -->","yoast_head_json":{"title":"Matisse ou la danse du lion - Sophie Stalport","robots":{"index":"index","follow":"follow","max-snippet":"max-snippet:-1","max-image-preview":"max-image-preview:large","max-video-preview":"max-video-preview:-1"},"canonical":"https:\/\/sophiestalport.com\/index.php\/matisse_ou_la_dans_du_lion_spectacle_art_enfants\/","og_locale":"fr_FR","og_type":"article","og_title":"Matisse ou la danse du lion - Sophie Stalport","og_description":"JEUNE PUBLIC - PETITE ENFANCE \/ Cr\u00e9ation 2016 Spectacle actuellement en tourn\u00e9e Matisse ou la danse du lion d\u2019Emmanuelle Marquis Mise en sc\u00e8ne collective Cr\u00e9dit photo Didier Beslon MATISSE OU LA DANSE DU LION est une petite forme th\u00e9\u00e2trale qui emm\u00e8ne les enfants \u00e0 partir de 18 mois dans l\u2019univers du peintre Henri Matisse \u00e0 travers le voyage sensoriel d\u2019un petit gar\u00e7on. Des secousses de la naissance aux grands apprentissages et d\u00e9couvertes de la petite enfance, on assiste en r\u00eave, ...","og_url":"https:\/\/sophiestalport.com\/index.php\/matisse_ou_la_dans_du_lion_spectacle_art_enfants\/","og_site_name":"Sophie Stalport","article_modified_time":"2018-06-19T13:47:06+00:00","twitter_card":"summary_large_image","twitter_misc":{"Dur\u00e9e de lecture estim\u00e9e":"3 minutes"},"schema":{"@context":"https:\/\/schema.org","@graph":[{"@type":"WebPage","@id":"https:\/\/sophiestalport.com\/index.php\/matisse_ou_la_dans_du_lion_spectacle_art_enfants\/","url":"https:\/\/sophiestalport.com\/index.php\/matisse_ou_la_dans_du_lion_spectacle_art_enfants\/","name":"Matisse ou la danse du lion - Sophie Stalport","isPartOf":{"@id":"https:\/\/sophiestalport.com\/#website"},"datePublished":"2018-06-03T12:28:18+00:00","dateModified":"2018-06-19T13:47:06+00:00","breadcrumb":{"@id":"https:\/\/sophiestalport.com\/index.php\/matisse_ou_la_dans_du_lion_spectacle_art_enfants\/#breadcrumb"},"inLanguage":"fr-FR","potentialAction":[{"@type":"ReadAction","target":["https:\/\/sophiestalport.com\/index.php\/matisse_ou_la_dans_du_lion_spectacle_art_enfants\/"]}]},{"@type":"BreadcrumbList","@id":"https:\/\/sophiestalport.com\/index.php\/matisse_ou_la_dans_du_lion_spectacle_art_enfants\/#breadcrumb","itemListElement":[{"@type":"ListItem","position":1,"name":"Home","item":"https:\/\/sophiestalport.com\/"},{"@type":"ListItem","position":2,"name":"Matisse ou la danse du lion"}]},{"@type":"WebSite","@id":"https:\/\/sophiestalport.com\/#website","url":"https:\/\/sophiestalport.com\/","name":"Sophie Stalport","description":"Com\u00e9dienne","potentialAction":[{"@type":"SearchAction","target":{"@type":"EntryPoint","urlTemplate":"https:\/\/sophiestalport.com\/?s={search_term_string}"},"query-input":"required name=search_term_string"}],"inLanguage":"fr-FR"}]}},"_links":{"self":[{"href":"https:\/\/sophiestalport.com\/index.php\/wp-json\/wp\/v2\/pages\/335"}],"collection":[{"href":"https:\/\/sophiestalport.com\/index.php\/wp-json\/wp\/v2\/pages"}],"about":[{"href":"https:\/\/sophiestalport.com\/index.php\/wp-json\/wp\/v2\/types\/page"}],"author":[{"embeddable":true,"href":"https:\/\/sophiestalport.com\/index.php\/wp-json\/wp\/v2\/users\/1"}],"replies":[{"embeddable":true,"href":"https:\/\/sophiestalport.com\/index.php\/wp-json\/wp\/v2\/comments?post=335"}],"version-history":[{"count":15,"href":"https:\/\/sophiestalport.com\/index.php\/wp-json\/wp\/v2\/pages\/335\/revisions"}],"predecessor-version":[{"id":847,"href":"https:\/\/sophiestalport.com\/index.php\/wp-json\/wp\/v2\/pages\/335\/revisions\/847"}],"wp:attachment":[{"href":"https:\/\/sophiestalport.com\/index.php\/wp-json\/wp\/v2\/media?parent=335"}],"curies":[{"name":"wp","href":"https:\/\/api.w.org\/{rel}","templated":true}]}}