{"id":187,"date":"2018-06-01T15:30:57","date_gmt":"2018-06-01T13:30:57","guid":{"rendered":"http:\/\/sophiestalport.com\/?page_id=187"},"modified":"2019-09-04T15:35:29","modified_gmt":"2019-09-04T13:35:29","slug":"lectures-spectacles-pistache-petite-enfance","status":"publish","type":"page","link":"https:\/\/sophiestalport.com\/index.php\/lectures-spectacles-pistache-petite-enfance\/","title":{"rendered":"Lectures-spectacles"},"content":{"rendered":"<div id=\"cs-content\" class=\"cs-content\"><\/div>\n","protected":false},"excerpt":{"rendered":"<p>lECTURES-SPECTACLESPETITE ENFANCE\/ Cr\u00e9ation 2016 \/ En tourn\u00e9e Les balades de pistacheCe sont des lectures-spectacles, petites histoires cont\u00e9es pour les tout-petits de 18 mois \u00e0 4-5 ans. Un choix de livres th\u00e9\u00e2tralis\u00e9s qui se jouent en petit comit\u00e9 lors de repr\u00e9sentations familiales dans les biblioth\u00e8ques et les m\u00e9diath\u00e8ques, ou dans les lieux petite enfance. Ces petites formes sont le fruit d\u2019une recherche men\u00e9e par la compagnie Carr\u00e9 blanc sur fond bleu autour du public toute petite enfance et s\u2019ins\u00e8rent dans la &#8230;<\/p>\n","protected":false},"author":1,"featured_media":0,"parent":0,"menu_order":0,"comment_status":"closed","ping_status":"closed","template":"template-blank-4.php","meta":[],"yoast_head":"<!-- This site is optimized with the Yoast SEO plugin v20.11 - https:\/\/yoast.com\/wordpress\/plugins\/seo\/ -->\n<title>Lectures-spectacles - Sophie Stalport<\/title>\n<meta name=\"robots\" content=\"index, follow, max-snippet:-1, max-image-preview:large, max-video-preview:-1\" \/>\n<link rel=\"canonical\" href=\"https:\/\/sophiestalport.com\/index.php\/lectures-spectacles-pistache-petite-enfance\/\" \/>\n<meta property=\"og:locale\" content=\"fr_FR\" \/>\n<meta property=\"og:type\" content=\"article\" \/>\n<meta property=\"og:title\" content=\"Lectures-spectacles - Sophie Stalport\" \/>\n<meta property=\"og:description\" content=\"lECTURES-SPECTACLESPETITE ENFANCE\/ Cr\u00e9ation 2016 \/ En tourn\u00e9e Les balades de pistacheCe sont des lectures-spectacles, petites histoires cont\u00e9es pour les tout-petits de 18 mois \u00e0 4-5 ans. Un choix de livres th\u00e9\u00e2tralis\u00e9s qui se jouent en petit comit\u00e9 lors de repr\u00e9sentations familiales dans les biblioth\u00e8ques et les m\u00e9diath\u00e8ques, ou dans les lieux petite enfance. Ces petites formes sont le fruit d\u2019une recherche men\u00e9e par la compagnie Carr\u00e9 blanc sur fond bleu autour du public toute petite enfance et s\u2019ins\u00e8rent dans la ...\" \/>\n<meta property=\"og:url\" content=\"https:\/\/sophiestalport.com\/index.php\/lectures-spectacles-pistache-petite-enfance\/\" \/>\n<meta property=\"og:site_name\" content=\"Sophie Stalport\" \/>\n<meta property=\"article:modified_time\" content=\"2019-09-04T13:35:29+00:00\" \/>\n<meta name=\"twitter:card\" content=\"summary_large_image\" \/>\n<meta name=\"twitter:label1\" content=\"Dur\u00e9e de lecture estim\u00e9e\" \/>\n\t<meta name=\"twitter:data1\" content=\"4 minutes\" \/>\n<script type=\"application\/ld+json\" class=\"yoast-schema-graph\">{\"@context\":\"https:\/\/schema.org\",\"@graph\":[{\"@type\":\"WebPage\",\"@id\":\"https:\/\/sophiestalport.com\/index.php\/lectures-spectacles-pistache-petite-enfance\/\",\"url\":\"https:\/\/sophiestalport.com\/index.php\/lectures-spectacles-pistache-petite-enfance\/\",\"name\":\"Lectures-spectacles - Sophie Stalport\",\"isPartOf\":{\"@id\":\"https:\/\/sophiestalport.com\/#website\"},\"datePublished\":\"2018-06-01T13:30:57+00:00\",\"dateModified\":\"2019-09-04T13:35:29+00:00\",\"breadcrumb\":{\"@id\":\"https:\/\/sophiestalport.com\/index.php\/lectures-spectacles-pistache-petite-enfance\/#breadcrumb\"},\"inLanguage\":\"fr-FR\",\"potentialAction\":[{\"@type\":\"ReadAction\",\"target\":[\"https:\/\/sophiestalport.com\/index.php\/lectures-spectacles-pistache-petite-enfance\/\"]}]},{\"@type\":\"BreadcrumbList\",\"@id\":\"https:\/\/sophiestalport.com\/index.php\/lectures-spectacles-pistache-petite-enfance\/#breadcrumb\",\"itemListElement\":[{\"@type\":\"ListItem\",\"position\":1,\"name\":\"Home\",\"item\":\"https:\/\/sophiestalport.com\/\"},{\"@type\":\"ListItem\",\"position\":2,\"name\":\"Lectures-spectacles\"}]},{\"@type\":\"WebSite\",\"@id\":\"https:\/\/sophiestalport.com\/#website\",\"url\":\"https:\/\/sophiestalport.com\/\",\"name\":\"Sophie Stalport\",\"description\":\"Com\u00e9dienne\",\"potentialAction\":[{\"@type\":\"SearchAction\",\"target\":{\"@type\":\"EntryPoint\",\"urlTemplate\":\"https:\/\/sophiestalport.com\/?s={search_term_string}\"},\"query-input\":\"required name=search_term_string\"}],\"inLanguage\":\"fr-FR\"}]}<\/script>\n<!-- \/ Yoast SEO plugin. -->","yoast_head_json":{"title":"Lectures-spectacles - Sophie Stalport","robots":{"index":"index","follow":"follow","max-snippet":"max-snippet:-1","max-image-preview":"max-image-preview:large","max-video-preview":"max-video-preview:-1"},"canonical":"https:\/\/sophiestalport.com\/index.php\/lectures-spectacles-pistache-petite-enfance\/","og_locale":"fr_FR","og_type":"article","og_title":"Lectures-spectacles - Sophie Stalport","og_description":"lECTURES-SPECTACLESPETITE ENFANCE\/ Cr\u00e9ation 2016 \/ En tourn\u00e9e Les balades de pistacheCe sont des lectures-spectacles, petites histoires cont\u00e9es pour les tout-petits de 18 mois \u00e0 4-5 ans. Un choix de livres th\u00e9\u00e2tralis\u00e9s qui se jouent en petit comit\u00e9 lors de repr\u00e9sentations familiales dans les biblioth\u00e8ques et les m\u00e9diath\u00e8ques, ou dans les lieux petite enfance. Ces petites formes sont le fruit d\u2019une recherche men\u00e9e par la compagnie Carr\u00e9 blanc sur fond bleu autour du public toute petite enfance et s\u2019ins\u00e8rent dans la ...","og_url":"https:\/\/sophiestalport.com\/index.php\/lectures-spectacles-pistache-petite-enfance\/","og_site_name":"Sophie Stalport","article_modified_time":"2019-09-04T13:35:29+00:00","twitter_card":"summary_large_image","twitter_misc":{"Dur\u00e9e de lecture estim\u00e9e":"4 minutes"},"schema":{"@context":"https:\/\/schema.org","@graph":[{"@type":"WebPage","@id":"https:\/\/sophiestalport.com\/index.php\/lectures-spectacles-pistache-petite-enfance\/","url":"https:\/\/sophiestalport.com\/index.php\/lectures-spectacles-pistache-petite-enfance\/","name":"Lectures-spectacles - Sophie Stalport","isPartOf":{"@id":"https:\/\/sophiestalport.com\/#website"},"datePublished":"2018-06-01T13:30:57+00:00","dateModified":"2019-09-04T13:35:29+00:00","breadcrumb":{"@id":"https:\/\/sophiestalport.com\/index.php\/lectures-spectacles-pistache-petite-enfance\/#breadcrumb"},"inLanguage":"fr-FR","potentialAction":[{"@type":"ReadAction","target":["https:\/\/sophiestalport.com\/index.php\/lectures-spectacles-pistache-petite-enfance\/"]}]},{"@type":"BreadcrumbList","@id":"https:\/\/sophiestalport.com\/index.php\/lectures-spectacles-pistache-petite-enfance\/#breadcrumb","itemListElement":[{"@type":"ListItem","position":1,"name":"Home","item":"https:\/\/sophiestalport.com\/"},{"@type":"ListItem","position":2,"name":"Lectures-spectacles"}]},{"@type":"WebSite","@id":"https:\/\/sophiestalport.com\/#website","url":"https:\/\/sophiestalport.com\/","name":"Sophie Stalport","description":"Com\u00e9dienne","potentialAction":[{"@type":"SearchAction","target":{"@type":"EntryPoint","urlTemplate":"https:\/\/sophiestalport.com\/?s={search_term_string}"},"query-input":"required name=search_term_string"}],"inLanguage":"fr-FR"}]}},"_links":{"self":[{"href":"https:\/\/sophiestalport.com\/index.php\/wp-json\/wp\/v2\/pages\/187"}],"collection":[{"href":"https:\/\/sophiestalport.com\/index.php\/wp-json\/wp\/v2\/pages"}],"about":[{"href":"https:\/\/sophiestalport.com\/index.php\/wp-json\/wp\/v2\/types\/page"}],"author":[{"embeddable":true,"href":"https:\/\/sophiestalport.com\/index.php\/wp-json\/wp\/v2\/users\/1"}],"replies":[{"embeddable":true,"href":"https:\/\/sophiestalport.com\/index.php\/wp-json\/wp\/v2\/comments?post=187"}],"version-history":[{"count":24,"href":"https:\/\/sophiestalport.com\/index.php\/wp-json\/wp\/v2\/pages\/187\/revisions"}],"predecessor-version":[{"id":1154,"href":"https:\/\/sophiestalport.com\/index.php\/wp-json\/wp\/v2\/pages\/187\/revisions\/1154"}],"wp:attachment":[{"href":"https:\/\/sophiestalport.com\/index.php\/wp-json\/wp\/v2\/media?parent=187"}],"curies":[{"name":"wp","href":"https:\/\/api.w.org\/{rel}","templated":true}]}}