{"id":154,"date":"2018-06-01T12:22:50","date_gmt":"2018-06-01T10:22:50","guid":{"rendered":"http:\/\/sophiestalport.com\/?page_id=154"},"modified":"2018-06-19T14:54:06","modified_gmt":"2018-06-19T12:54:06","slug":"carreblancsurfondbleu","status":"publish","type":"page","link":"https:\/\/sophiestalport.com\/index.php\/carreblancsurfondbleu\/","title":{"rendered":"Compagnie Carr\u00e9 blanc sur fond bleu"},"content":{"rendered":"<div id=\"cs-content\" class=\"cs-content\"><\/div>\n","protected":false},"excerpt":{"rendered":"<p>Compagnie carr\u00e9 blanc sur fond bleuComment transmettre par le th\u00e9\u00e2tre un patrimoine culturel et sensibiliser aux arts les diff\u00e9rents publics\u00a0? C\u2019est pour tenter de r\u00e9pondre \u00e0 cette question qu\u2019en 2010, Emmanuelle Marquis, com\u00e9dienne et plasticienne, et Sophie Stalport ont fond\u00e9 la compagnie CARR\u00c9 BLANC SUR FOND BLEU. La compagnie cr\u00e9e des spectacles qui m\u00ealent th\u00e9\u00e2tre, manipulation d\u2019objets, univers sonore, arts visuels\u2026\u00a0Des petites formes et des lectures-spectacles pour la petite enfance, et des spectacles performances pour tous publics. Elle con\u00e7oit \u00e9galement &#8230;<\/p>\n","protected":false},"author":1,"featured_media":0,"parent":0,"menu_order":0,"comment_status":"closed","ping_status":"closed","template":"template-blank-4.php","meta":[],"yoast_head":"<!-- This site is optimized with the Yoast SEO plugin v20.11 - https:\/\/yoast.com\/wordpress\/plugins\/seo\/ -->\n<title>Compagnie Carr\u00e9 blanc sur fond bleu - Sophie Stalport<\/title>\n<meta name=\"robots\" content=\"index, follow, max-snippet:-1, max-image-preview:large, max-video-preview:-1\" \/>\n<link rel=\"canonical\" href=\"https:\/\/sophiestalport.com\/index.php\/carreblancsurfondbleu\/\" \/>\n<meta property=\"og:locale\" content=\"fr_FR\" \/>\n<meta property=\"og:type\" content=\"article\" \/>\n<meta property=\"og:title\" content=\"Compagnie Carr\u00e9 blanc sur fond bleu - Sophie Stalport\" \/>\n<meta property=\"og:description\" content=\"Compagnie carr\u00e9 blanc sur fond bleuComment transmettre par le th\u00e9\u00e2tre un patrimoine culturel et sensibiliser aux arts les diff\u00e9rents publics\u00a0? C\u2019est pour tenter de r\u00e9pondre \u00e0 cette question qu\u2019en 2010, Emmanuelle Marquis, com\u00e9dienne et plasticienne, et Sophie Stalport ont fond\u00e9 la compagnie CARR\u00c9 BLANC SUR FOND BLEU. La compagnie cr\u00e9e des spectacles qui m\u00ealent th\u00e9\u00e2tre, manipulation d\u2019objets, univers sonore, arts visuels\u2026\u00a0Des petites formes et des lectures-spectacles pour la petite enfance, et des spectacles performances pour tous publics. Elle con\u00e7oit \u00e9galement ...\" \/>\n<meta property=\"og:url\" content=\"https:\/\/sophiestalport.com\/index.php\/carreblancsurfondbleu\/\" \/>\n<meta property=\"og:site_name\" content=\"Sophie Stalport\" \/>\n<meta property=\"article:modified_time\" content=\"2018-06-19T12:54:06+00:00\" \/>\n<meta name=\"twitter:card\" content=\"summary_large_image\" \/>\n<meta name=\"twitter:label1\" content=\"Dur\u00e9e de lecture estim\u00e9e\" \/>\n\t<meta name=\"twitter:data1\" content=\"3 minutes\" \/>\n<script type=\"application\/ld+json\" class=\"yoast-schema-graph\">{\"@context\":\"https:\/\/schema.org\",\"@graph\":[{\"@type\":\"WebPage\",\"@id\":\"https:\/\/sophiestalport.com\/index.php\/carreblancsurfondbleu\/\",\"url\":\"https:\/\/sophiestalport.com\/index.php\/carreblancsurfondbleu\/\",\"name\":\"Compagnie Carr\u00e9 blanc sur fond bleu - Sophie Stalport\",\"isPartOf\":{\"@id\":\"https:\/\/sophiestalport.com\/#website\"},\"datePublished\":\"2018-06-01T10:22:50+00:00\",\"dateModified\":\"2018-06-19T12:54:06+00:00\",\"breadcrumb\":{\"@id\":\"https:\/\/sophiestalport.com\/index.php\/carreblancsurfondbleu\/#breadcrumb\"},\"inLanguage\":\"fr-FR\",\"potentialAction\":[{\"@type\":\"ReadAction\",\"target\":[\"https:\/\/sophiestalport.com\/index.php\/carreblancsurfondbleu\/\"]}]},{\"@type\":\"BreadcrumbList\",\"@id\":\"https:\/\/sophiestalport.com\/index.php\/carreblancsurfondbleu\/#breadcrumb\",\"itemListElement\":[{\"@type\":\"ListItem\",\"position\":1,\"name\":\"Home\",\"item\":\"https:\/\/sophiestalport.com\/\"},{\"@type\":\"ListItem\",\"position\":2,\"name\":\"Compagnie Carr\u00e9 blanc sur fond bleu\"}]},{\"@type\":\"WebSite\",\"@id\":\"https:\/\/sophiestalport.com\/#website\",\"url\":\"https:\/\/sophiestalport.com\/\",\"name\":\"Sophie Stalport\",\"description\":\"Com\u00e9dienne\",\"potentialAction\":[{\"@type\":\"SearchAction\",\"target\":{\"@type\":\"EntryPoint\",\"urlTemplate\":\"https:\/\/sophiestalport.com\/?s={search_term_string}\"},\"query-input\":\"required name=search_term_string\"}],\"inLanguage\":\"fr-FR\"}]}<\/script>\n<!-- \/ Yoast SEO plugin. -->","yoast_head_json":{"title":"Compagnie Carr\u00e9 blanc sur fond bleu - Sophie Stalport","robots":{"index":"index","follow":"follow","max-snippet":"max-snippet:-1","max-image-preview":"max-image-preview:large","max-video-preview":"max-video-preview:-1"},"canonical":"https:\/\/sophiestalport.com\/index.php\/carreblancsurfondbleu\/","og_locale":"fr_FR","og_type":"article","og_title":"Compagnie Carr\u00e9 blanc sur fond bleu - Sophie Stalport","og_description":"Compagnie carr\u00e9 blanc sur fond bleuComment transmettre par le th\u00e9\u00e2tre un patrimoine culturel et sensibiliser aux arts les diff\u00e9rents publics\u00a0? C\u2019est pour tenter de r\u00e9pondre \u00e0 cette question qu\u2019en 2010, Emmanuelle Marquis, com\u00e9dienne et plasticienne, et Sophie Stalport ont fond\u00e9 la compagnie CARR\u00c9 BLANC SUR FOND BLEU. La compagnie cr\u00e9e des spectacles qui m\u00ealent th\u00e9\u00e2tre, manipulation d\u2019objets, univers sonore, arts visuels\u2026\u00a0Des petites formes et des lectures-spectacles pour la petite enfance, et des spectacles performances pour tous publics. Elle con\u00e7oit \u00e9galement ...","og_url":"https:\/\/sophiestalport.com\/index.php\/carreblancsurfondbleu\/","og_site_name":"Sophie Stalport","article_modified_time":"2018-06-19T12:54:06+00:00","twitter_card":"summary_large_image","twitter_misc":{"Dur\u00e9e de lecture estim\u00e9e":"3 minutes"},"schema":{"@context":"https:\/\/schema.org","@graph":[{"@type":"WebPage","@id":"https:\/\/sophiestalport.com\/index.php\/carreblancsurfondbleu\/","url":"https:\/\/sophiestalport.com\/index.php\/carreblancsurfondbleu\/","name":"Compagnie Carr\u00e9 blanc sur fond bleu - Sophie Stalport","isPartOf":{"@id":"https:\/\/sophiestalport.com\/#website"},"datePublished":"2018-06-01T10:22:50+00:00","dateModified":"2018-06-19T12:54:06+00:00","breadcrumb":{"@id":"https:\/\/sophiestalport.com\/index.php\/carreblancsurfondbleu\/#breadcrumb"},"inLanguage":"fr-FR","potentialAction":[{"@type":"ReadAction","target":["https:\/\/sophiestalport.com\/index.php\/carreblancsurfondbleu\/"]}]},{"@type":"BreadcrumbList","@id":"https:\/\/sophiestalport.com\/index.php\/carreblancsurfondbleu\/#breadcrumb","itemListElement":[{"@type":"ListItem","position":1,"name":"Home","item":"https:\/\/sophiestalport.com\/"},{"@type":"ListItem","position":2,"name":"Compagnie Carr\u00e9 blanc sur fond bleu"}]},{"@type":"WebSite","@id":"https:\/\/sophiestalport.com\/#website","url":"https:\/\/sophiestalport.com\/","name":"Sophie Stalport","description":"Com\u00e9dienne","potentialAction":[{"@type":"SearchAction","target":{"@type":"EntryPoint","urlTemplate":"https:\/\/sophiestalport.com\/?s={search_term_string}"},"query-input":"required name=search_term_string"}],"inLanguage":"fr-FR"}]}},"_links":{"self":[{"href":"https:\/\/sophiestalport.com\/index.php\/wp-json\/wp\/v2\/pages\/154"}],"collection":[{"href":"https:\/\/sophiestalport.com\/index.php\/wp-json\/wp\/v2\/pages"}],"about":[{"href":"https:\/\/sophiestalport.com\/index.php\/wp-json\/wp\/v2\/types\/page"}],"author":[{"embeddable":true,"href":"https:\/\/sophiestalport.com\/index.php\/wp-json\/wp\/v2\/users\/1"}],"replies":[{"embeddable":true,"href":"https:\/\/sophiestalport.com\/index.php\/wp-json\/wp\/v2\/comments?post=154"}],"version-history":[{"count":27,"href":"https:\/\/sophiestalport.com\/index.php\/wp-json\/wp\/v2\/pages\/154\/revisions"}],"predecessor-version":[{"id":825,"href":"https:\/\/sophiestalport.com\/index.php\/wp-json\/wp\/v2\/pages\/154\/revisions\/825"}],"wp:attachment":[{"href":"https:\/\/sophiestalport.com\/index.php\/wp-json\/wp\/v2\/media?parent=154"}],"curies":[{"name":"wp","href":"https:\/\/api.w.org\/{rel}","templated":true}]}}